hat is -1a278707 + 1?
-1a278706
In base 16, what is 1 + -c85d4?
-c85d3
In base 10, what is 79589258 - -5?
79589263
In base 2, what is -11 - 11000010000011110100011?
-11000010000011110100110
In base 12, what is 353b0656 - 5?
353b0651
In base 8, what is 2 + 170723010?
170723012
In base 4, what is -313133 - 3321033?
-10300232
In base 5, what is -2223234143 - 3?
-2223234201
In base 13, what is -2 - -4a337?
4a335
In base 9, what is -236045836 + -1?
-236045837
In base 3, what is 212211220200101222 + 12?
212211220200102011
In base 12, what is -2784 - 6605?
-9189
In base 16, what is 163 - c6?
9d
In base 2, what is 100000100111 + -10101111000011111?
-10101010111111000
In base 16, what is 2cd994 + -4?
2cd990
In base 11, what is -172a525 + 1?
-172a524
In base 12, what is 9 - 27b0b44b?
-27b0b442
In base 4, what is 13 - 20310012013?
-20310012000
In base 10, what is 9 - 443654?
-443645
In base 6, what is -200551 + -3014?
-204005
In base 3, what is 201201 - 10120222112?
-10120020211
In base 10, what is 238522871 + -3?
238522868
In base 4, what is 333 + 113331130?
113332123
In base 11, what is 16a13484 - -24?
16a134a8
In base 2, what is 100 + 1101101101001110001100011?
1101101101001110001100111
In base 4, what is 0 - -21032302133?
21032302133
In base 4, what is 10 + 12033303302?
12033303312
In base 5, what is 44333243 + 13?
44333311
In base 2, what is -1101101000010100 + -1101010?
-1101101001111110
In base 7, what is -1414 + 646146?
644432
In base 11, what is 633 - -472?
aa5
In base 14, what is b0 - d851?
-d781
In base 13, what is -4 + -2a1513?
-2a1517
In base 13, what is -c + 1768b13?
1768b04
In base 10, what is 6426953 + -4?
6426949
In base 15, what is -d936a + 56?
-d9314
In base 9, what is -46628047 - 12?
-46628060
In base 13, what is 1079a62 + 76?
1079b08
In base 8, what is -364770 + 630?
-364140
In base 12, what is 39 - -19a90b?
19a948
In base 10, what is -704 + 9704?
9000
In base 3, what is -1220211 - -21022001211?
21020011000
In base 8, what is 3 + -747205723?
-747205720
In base 13, what is -bcc + 158?
-a74
In base 15, what is c41bd6 + -3?
c41bd3
In base 14, what is -a6 - -386aa?
38604
In base 8, what is 4145601 - 404?
4145175
In base 15, what is 27 - 33229?
-33202
In base 16, what is 10cf74f7 + 4?
10cf74fb
In base 12, what is -3835b01b - -4?
-3835b017
In base 6, what is -540 - 3244202?
-3245142
In base 10, what is -1 - 24163079?
-24163080
In base 12, what is -58bbb5 - 13a?
-590133
In base 11, what is 3 - -5a2140?
5a2143
In base 7, what is -1140 + -300003?
-301143
In base 16, what is ce70d + 6c?
ce779
In base 14, what is 2b961b6 - -13?
2b961c9
In base 4, what is 10 + 110311233123?
110311233133
In base 3, what is -1011022 + 200011220?
122000121
In base 7, what is -16 + -6426332?
-6426351
In base 9, what is -1417068 + -101?
-1417170
In base 2, what is 111110001 + 110100101110?
111100011111
In base 12, what is -12162521 + 1?
-12162520
In base 12, what is 0 - 16907756?
-16907756
In base 10, what is 513514 + -8?
513506
In base 4, what is 12120131101101 + -1?
12120131101100
In base 2, what is -11 + 1010000010001011011?
1010000010001011000
In base 10, what is -12480604 - 8?
-12480612
In base 11, what is -566379 + -201?
-56657a
In base 16, what is -e1676 + 79?
-e15fd
In base 10, what is 145265265 + -3?
145265262
In base 2, what is 11011111 + -1110011101?
-1010111110
In base 14, what is -b - 10d652?
-10d65d
In base 8, what is -3513302 + -23?
-3513325
In base 5, what is -2142 + 243404322?
243402130
In base 4, what is 3021031203 + -3?
3021031200
In base 7, what is -2405332506 + 4?
-2405332502
In base 9, what is -172232 - -81?
-172141
In base 10, what is -10 + 133028?
133018
In base 16, what is -1 - -995dc2c?
995dc2b
In base 10, what is 5 - -53502014?
53502019
In base 7, what is 21 - -1164023?
1164044
In base 10, what is -5581412 + 0?
-5581412
In base 3, what is 120210011 - -101012120?
221222201
In base 5, what is 1 - -2414434224?
2414434230
In base 10, what is -12161 + 55?
-12106
In base 5, what is -34032333043 - 1?
-34032333044
In base 10, what is -460692 + -32?
-460724
In base 4, what is 1122023031 - -21?
1122023112
In base 9, what is -133150 + -16317?
-150467
In base 5, what is 2344401022314 + 2?
2344401022321
In base 12, what is -211692 + 19?
-211675
In base 12, what is 15 + 35b316?
35b32b
In base 8, what is 565720657 + -4?
565720653
In base 11, what is -4 - -2759045?
2759041
In base 11, what is 533 - -121?
654
In base 11, what is 5a3 + -2915?
-2322
In base 13, what is -16b + 618c?
6021
In base 7, what is 1050130006 + -4?
1050130002
In base 16, what is 575ea02 + 5?
575ea07
In base 6, what is 1152 - 1413004?
-1411412
In base 6, what is 5 - -11153421322?
11153421331
In base 10, what is -4546265 - -5?
-4546260
In base 11, what is 787 - -39323?
39aaa
In base 15, what is -1d8 - -e28cd?
e26e5
In base 11, what is 5 + -31714574?
-3171456a
In base 14, what is -17a8ba09 + 2?
-17a8ba07
In base 3, what is 110012221 + 1012020?
111102011
In base 14, what is 1227c38 - 3?
1227c35
In base 5, what is 20042413 + -422?
20041441
In base 11, what is -5585070 - 5?
-5585075
In base 5, what is 1 + 23104300004?
23104300010
In base 3, what is -2 + 2210222220120?
2210222220111
In base 16, what is 78182d + -5?
781828
In base 5, what is -1 + 10142322023?
10142322022
In base 13, what is -18c62 + 1a2?
-18a90
In base 6, what is -52023020 + -22?
-52023042
In base 5, what is -1322204 + -3121?
-1330330
In base 13, what is -4068b1 + -8?
-4068b9
In base 4, what is -10 + -1102121010?
-1102121020
In base 15, what is -428a - 9c1?
-4c5b
In base 12, what is 4 - -18b2528?
18b2530
In base 16, what is 251254 + 5b?
2512af
In base 14, what is -d4c11 - a1?
-d4cb2
In base 14, what is 19 + -21d38?
-21d1d
In base 12, what is 123831ab - 12?
12383199
In base 8, what is -342106 + 2162?
-337724
In base 2, what is -1101101100110010 + -1000010100?
-1101110101000110
In base 4, what is 31303323213 + 10?
31303323223
In base 4, what is -3001333 - -12131?
-2323202
In base 16, what is 414 + -918?
-504
In base 12, what is 1 + 42219200?
42219201
In base 15, what is 32da7 - ab4?
322e3
In base 11, what is 1661077 + 1?
1661078
In base 3, what is 22 + 1102220211002?
1102220211101
In base 7, what is -306326021 + 0?
-306326021
In base 7, what is -41023 - -223?
-40500
In base 11, what is -23109992 - -11?
-23109981
In base 2, what is 10011010011100001111000 + 0?
10011010011100001111000
In base 13, what is -6a56 + 1c10?
-4b46
In base 2, what is -10011110010011010001011 - 110?
-10011110010011010010001
In base 8, what is 602447 - 7477?
572750
In base 13, what is 471b329 + 1?
471b32a
In base 4, what is -22023021 - -130?
-22022231
In base 6, what is 12444542322 - 3?
12444542315
In base 4, what is -32012202313 + 0?
-32012202313
In base 16, what is -5 - 6375ce?
-6375d3
In base 14, what is -437 + c0d3?
ba9a
In base 2, what is -11101100011111111001 - -1010100?
-11101100011110100101
In base 9, what is 426628302 - 4?
426628287
In base 14, what is -3b2d + 16d?
-39a0
In base 12, what is aa055 + 3065?
b10ba
In base 7, what is -63634001 + -202?
-63634203
In base 14, what is 1 + -2589225?
-2589224
In base 8, what is -5 - -34051363?
34051356
In base 7, what is -141 + -100565?
-101036
In base 8, what is -431 - -121076?
120445
In base 12, what is -54 - 522b0?
-52344
In base 15, what is 855b + b13?
916e
In base 3, what is -12012121 - -100100000?
11010102
In base 6, what is -14213043345 + -5?
-14213043354
In base 11, what is 31562039 + -4?
31562035
In base 11, what is 6682037 + 2?
6682039
In base 11, what is 1654351 - -17?
1654368
In base 6, what is -10341001150 + 5?
-10341001141
In base 3, what is 100221010220100 - -2211?
100221011000011
In base 13, what is 236 + 1873?
1aa9
In base 14, what is 4 - 2029200?
-20291da
In base 13, what is -353 - 2c77?
-32ca
In base 13, what is -c + -730a85?
-730a94
In base 3, what is 1001001211102 + 101000?
1001002012102
In base 14, what is -272dcc9c - -3?
-272dcc99
In base 13, what is -9665 - -a1b?
-8947
In base 15, what is -a3 + -2820?
-28c3
In base 2, what is 100000001000111101001010 + -1000?
100000001000111101000010
In base 8, what is -1 + 1626712?
1626711
In base 4, what is -120331 + -13020203?
-13201200
In base 8, what is 5027005410 + -5?
5027005403
In base 9, what is 51026717 + -5?
51026712
In base 4, what is 